{"id":2,"date":"2025-09-10T11:23:29","date_gmt":"2025-09-10T11:23:29","guid":{"rendered":"https:\/\/www.operio.at\/?page_id=2"},"modified":"2026-03-16T20:45:38","modified_gmt":"2026-03-16T20:45:38","slug":"operio","status":"publish","type":"page","link":"https:\/\/www.operio.at\/","title":{"rendered":"OPERIO &#8211; Exklusivvertrieb \u00d6sterreich"},"content":{"rendered":"\n<p>IH L\u00fcftungstechnik ist seit 15 Jahren Ihr Ansprechpartner f\u00fcr den Bau von Eingriffsr\u00e4umen und Operationss\u00e4len. Wir freuen uns, dass wir mit dem mobilen Laminar Air Flow OPERIO eine Alternative f\u00fcr teure Umbauten bieten k\u00f6nnen. <\/p>\n\n\n\n<blockquote class=\"wp-block-quote is-layout-flow wp-block-quote-is-layout-flow\"><p>Der Operio wertet Ihren Eingriffsraum auf oder macht Ihren Behandlungsraum zum Eingriffsraum. Steckerfertig und kinderleicht zu bedienen.<\/p><\/blockquote>\n\n\n\n<p>Weitere Infos finden sie in nachfolgenden Foldern (PDF Reader erforderlich)<\/p>\n\n\n\n<p><a href=\"http:\/\/www.operio.at\/downloads\/operiofolder_web.pdf\" target=\"_blank\" rel=\"noreferrer noopener\">Operiofolder (4 Seiten)<\/a><\/p>\n\n\n\n<p><a href=\"http:\/\/www.operio.at\/downloads\/operiofolder2_web.pdf\">Operiofolder detailiert mit <\/a><a href=\"http:\/\/www.operio.at\/downloads\/operiofolder2_web.pdf\" target=\"_blank\" rel=\"noreferrer noopener\">Studien<\/a><a href=\"http:\/\/www.operio.at\/downloads\/operiofolder2_web.pdf\"> und <\/a><a href=\"http:\/\/www.operio.at\/downloads\/operiofolder2_web.pdf\" target=\"_blank\" rel=\"noreferrer noopener\">Anwendungsbeispielen<\/a><a href=\"http:\/\/www.operio.at\/downloads\/operiofolder2_web.pdf\"> (30 Seiten)<\/a><\/p>\n\n\n\n<figure class=\"wp-block-image size-large\"><img fetchpriority=\"high\" decoding=\"async\" width=\"928\" height=\"1024\" src=\"https:\/\/www.operio.at\/wp-content\/uploads\/2022\/09\/TOUL-MEDITECH-OPERIO-1-928x1024.png\" alt=\"\" class=\"wp-image-12\" srcset=\"https:\/\/www.operio.at\/wp-content\/uploads\/2022\/09\/TOUL-MEDITECH-OPERIO-1-928x1024.png 928w, https:\/\/www.operio.at\/wp-content\/uploads\/2022\/09\/TOUL-MEDITECH-OPERIO-1-272x300.png 272w, https:\/\/www.operio.at\/wp-content\/uploads\/2022\/09\/TOUL-MEDITECH-OPERIO-1-768x848.png 768w, https:\/\/www.operio.at\/wp-content\/uploads\/2022\/09\/TOUL-MEDITECH-OPERIO-1.png 1336w\" sizes=\"(max-width: 928px) 100vw, 928px\" \/><\/figure>\n","protected":false},"excerpt":{"rendered":"<p>IH L\u00fcftungstechnik ist seit 15 Jahren Ihr Ansprechpartner f\u00fcr den Bau von Eingriffsr\u00e4umen und Operationss\u00e4len. Wir freuen uns, dass wir mit dem mobilen Laminar Air Flow OPERIO eine Alternative f\u00fcr teure Umbauten bieten k\u00f6nnen. Der Operio wertet Ihren Eingriffsraum auf oder macht Ihren Behandlungsraum zum Eingriffsraum. Steckerfertig und kinderleicht zu bedienen. Weitere Infos finden sie<a class=\"more-link\" href=\"https:\/\/www.operio.at\/\"><span class=\"screen-reader-text\">&#8222;OPERIO &#8211; Exklusivvertrieb \u00d6sterreich&#8220;<\/span> weiterlesen<\/a><\/p>\n","protected":false},"author":2,"featured_media":0,"parent":0,"menu_order":0,"comment_status":"closed","ping_status":"closed","template":"","meta":{"footnotes":""},"class_list":["post-2","page","type-page","status-publish","hentry","entry"],"yoast_head":"<!-- This site is optimized with the Yoast SEO plugin v27.4 - https:\/\/yoast.com\/product\/yoast-seo-wordpress\/ -->\n<title>OPERIO - Exklusivvertrieb \u00d6sterreich - Operio Mobile - Der mobile Laminar Air Flow<\/title>\n<meta name=\"description\" content=\"Operio, der mobile Laminar Aifflow f\u00fcr denm medizinischen Bereich egal ob Eingriffsraum oder Operationssaal oder Ihre Ordination \/ Praxis\" \/>\n<meta name=\"robots\" content=\"index, follow, max-snippet:-1, max-image-preview:large, max-video-preview:-1\" \/>\n<link rel=\"canonical\" href=\"https:\/\/www.operio.at\/\" \/>\n<meta property=\"og:locale\" content=\"de_DE\" \/>\n<meta property=\"og:type\" content=\"article\" \/>\n<meta property=\"og:title\" content=\"OPERIO - Exklusivvertrieb \u00d6sterreich - Operio Mobile - Der mobile Laminar Air Flow\" \/>\n<meta property=\"og:description\" content=\"Operio, der mobile Laminar Aifflow f\u00fcr denm medizinischen Bereich egal ob Eingriffsraum oder Operationssaal oder Ihre Ordination \/ Praxis\" \/>\n<meta property=\"og:url\" content=\"https:\/\/www.operio.at\/\" \/>\n<meta property=\"og:site_name\" content=\"Operio Mobile - Der mobile Laminar Air Flow\" \/>\n<meta property=\"article:modified_time\" content=\"2026-03-16T20:45:38+00:00\" \/>\n<meta property=\"og:image\" content=\"https:\/\/www.operio.at\/wp-content\/uploads\/2022\/09\/TOUL-MEDITECH-OPERIO-1.png\" \/>\n\t<meta property=\"og:image:width\" content=\"1336\" \/>\n\t<meta property=\"og:image:height\" content=\"1475\" \/>\n\t<meta property=\"og:image:type\" content=\"image\/png\" \/>\n<meta name=\"twitter:card\" content=\"summary_large_image\" \/>\n<meta name=\"twitter:label1\" content=\"Gesch\u00e4tzte Lesezeit\" \/>\n\t<meta name=\"twitter:data1\" content=\"1\u00a0Minute\" \/>\n<script type=\"application\/ld+json\" class=\"yoast-schema-graph\">{\"@context\":\"https:\\\/\\\/schema.org\",\"@graph\":[{\"@type\":\"WebPage\",\"@id\":\"https:\\\/\\\/www.operio.at\\\/\",\"url\":\"https:\\\/\\\/www.operio.at\\\/\",\"name\":\"OPERIO - Exklusivvertrieb \u00d6sterreich - Operio Mobile - Der mobile Laminar Air Flow\",\"isPartOf\":{\"@id\":\"https:\\\/\\\/www.operio.at\\\/#website\"},\"primaryImageOfPage\":{\"@id\":\"https:\\\/\\\/www.operio.at\\\/#primaryimage\"},\"image\":{\"@id\":\"https:\\\/\\\/www.operio.at\\\/#primaryimage\"},\"thumbnailUrl\":\"https:\\\/\\\/www.operio.at\\\/wp-content\\\/uploads\\\/2022\\\/09\\\/TOUL-MEDITECH-OPERIO-1-928x1024.png\",\"datePublished\":\"2025-09-10T11:23:29+00:00\",\"dateModified\":\"2026-03-16T20:45:38+00:00\",\"description\":\"Operio, der mobile Laminar Aifflow f\u00fcr denm medizinischen Bereich egal ob Eingriffsraum oder Operationssaal oder Ihre Ordination \\\/ Praxis\",\"breadcrumb\":{\"@id\":\"https:\\\/\\\/www.operio.at\\\/#breadcrumb\"},\"inLanguage\":\"de\",\"potentialAction\":[{\"@type\":\"ReadAction\",\"target\":[\"https:\\\/\\\/www.operio.at\\\/\"]}]},{\"@type\":\"ImageObject\",\"inLanguage\":\"de\",\"@id\":\"https:\\\/\\\/www.operio.at\\\/#primaryimage\",\"url\":\"https:\\\/\\\/www.operio.at\\\/wp-content\\\/uploads\\\/2022\\\/09\\\/TOUL-MEDITECH-OPERIO-1.png\",\"contentUrl\":\"https:\\\/\\\/www.operio.at\\\/wp-content\\\/uploads\\\/2022\\\/09\\\/TOUL-MEDITECH-OPERIO-1.png\",\"width\":1336,\"height\":1475},{\"@type\":\"BreadcrumbList\",\"@id\":\"https:\\\/\\\/www.operio.at\\\/#breadcrumb\",\"itemListElement\":[{\"@type\":\"ListItem\",\"position\":1,\"name\":\"Startseite\",\"item\":\"https:\\\/\\\/www.operio.at\\\/\"},{\"@type\":\"ListItem\",\"position\":2,\"name\":\"OPERIO &#8211; Exklusivvertrieb \u00d6sterreich\"}]},{\"@type\":\"WebSite\",\"@id\":\"https:\\\/\\\/www.operio.at\\\/#website\",\"url\":\"https:\\\/\\\/www.operio.at\\\/\",\"name\":\"Operio Mobile - Der mobile Laminar Air Flow\",\"description\":\"Steriler Luftstrom f\u00fcr Eingriffe und Operationen\",\"publisher\":{\"@id\":\"https:\\\/\\\/www.operio.at\\\/#organization\"},\"potentialAction\":[{\"@type\":\"SearchAction\",\"target\":{\"@type\":\"EntryPoint\",\"urlTemplate\":\"https:\\\/\\\/www.operio.at\\\/?s={search_term_string}\"},\"query-input\":{\"@type\":\"PropertyValueSpecification\",\"valueRequired\":true,\"valueName\":\"search_term_string\"}}],\"inLanguage\":\"de\"},{\"@type\":\"Organization\",\"@id\":\"https:\\\/\\\/www.operio.at\\\/#organization\",\"name\":\"Operio Mobile - Der mobile Laminar Air Flow\",\"url\":\"https:\\\/\\\/www.operio.at\\\/\",\"logo\":{\"@type\":\"ImageObject\",\"inLanguage\":\"de\",\"@id\":\"https:\\\/\\\/www.operio.at\\\/#\\\/schema\\\/logo\\\/image\\\/\",\"url\":\"https:\\\/\\\/www.operio.at\\\/wp-content\\\/uploads\\\/2022\\\/09\\\/cropped-IHLOOG.jpg\",\"contentUrl\":\"https:\\\/\\\/www.operio.at\\\/wp-content\\\/uploads\\\/2022\\\/09\\\/cropped-IHLOOG.jpg\",\"width\":240,\"height\":240,\"caption\":\"Operio Mobile - Der mobile Laminar Air Flow\"},\"image\":{\"@id\":\"https:\\\/\\\/www.operio.at\\\/#\\\/schema\\\/logo\\\/image\\\/\"}}]}<\/script>\n<!-- \/ Yoast SEO plugin. -->","yoast_head_json":{"title":"OPERIO - Exklusivvertrieb \u00d6sterreich - Operio Mobile - Der mobile Laminar Air Flow","description":"Operio, der mobile Laminar Aifflow f\u00fcr denm medizinischen Bereich egal ob Eingriffsraum oder Operationssaal oder Ihre Ordination \/ Praxis","robots":{"index":"index","follow":"follow","max-snippet":"max-snippet:-1","max-image-preview":"max-image-preview:large","max-video-preview":"max-video-preview:-1"},"canonical":"https:\/\/www.operio.at\/","og_locale":"de_DE","og_type":"article","og_title":"OPERIO - Exklusivvertrieb \u00d6sterreich - Operio Mobile - Der mobile Laminar Air Flow","og_description":"Operio, der mobile Laminar Aifflow f\u00fcr denm medizinischen Bereich egal ob Eingriffsraum oder Operationssaal oder Ihre Ordination \/ Praxis","og_url":"https:\/\/www.operio.at\/","og_site_name":"Operio Mobile - Der mobile Laminar Air Flow","article_modified_time":"2026-03-16T20:45:38+00:00","og_image":[{"width":1336,"height":1475,"url":"https:\/\/www.operio.at\/wp-content\/uploads\/2022\/09\/TOUL-MEDITECH-OPERIO-1.png","type":"image\/png"}],"twitter_card":"summary_large_image","twitter_misc":{"Gesch\u00e4tzte Lesezeit":"1\u00a0Minute"},"schema":{"@context":"https:\/\/schema.org","@graph":[{"@type":"WebPage","@id":"https:\/\/www.operio.at\/","url":"https:\/\/www.operio.at\/","name":"OPERIO - Exklusivvertrieb \u00d6sterreich - Operio Mobile - Der mobile Laminar Air Flow","isPartOf":{"@id":"https:\/\/www.operio.at\/#website"},"primaryImageOfPage":{"@id":"https:\/\/www.operio.at\/#primaryimage"},"image":{"@id":"https:\/\/www.operio.at\/#primaryimage"},"thumbnailUrl":"https:\/\/www.operio.at\/wp-content\/uploads\/2022\/09\/TOUL-MEDITECH-OPERIO-1-928x1024.png","datePublished":"2025-09-10T11:23:29+00:00","dateModified":"2026-03-16T20:45:38+00:00","description":"Operio, der mobile Laminar Aifflow f\u00fcr denm medizinischen Bereich egal ob Eingriffsraum oder Operationssaal oder Ihre Ordination \/ Praxis","breadcrumb":{"@id":"https:\/\/www.operio.at\/#breadcrumb"},"inLanguage":"de","potentialAction":[{"@type":"ReadAction","target":["https:\/\/www.operio.at\/"]}]},{"@type":"ImageObject","inLanguage":"de","@id":"https:\/\/www.operio.at\/#primaryimage","url":"https:\/\/www.operio.at\/wp-content\/uploads\/2022\/09\/TOUL-MEDITECH-OPERIO-1.png","contentUrl":"https:\/\/www.operio.at\/wp-content\/uploads\/2022\/09\/TOUL-MEDITECH-OPERIO-1.png","width":1336,"height":1475},{"@type":"BreadcrumbList","@id":"https:\/\/www.operio.at\/#breadcrumb","itemListElement":[{"@type":"ListItem","position":1,"name":"Startseite","item":"https:\/\/www.operio.at\/"},{"@type":"ListItem","position":2,"name":"OPERIO &#8211; Exklusivvertrieb \u00d6sterreich"}]},{"@type":"WebSite","@id":"https:\/\/www.operio.at\/#website","url":"https:\/\/www.operio.at\/","name":"Operio Mobile - Der mobile Laminar Air Flow","description":"Steriler Luftstrom f\u00fcr Eingriffe und Operationen","publisher":{"@id":"https:\/\/www.operio.at\/#organization"},"potentialAction":[{"@type":"SearchAction","target":{"@type":"EntryPoint","urlTemplate":"https:\/\/www.operio.at\/?s={search_term_string}"},"query-input":{"@type":"PropertyValueSpecification","valueRequired":true,"valueName":"search_term_string"}}],"inLanguage":"de"},{"@type":"Organization","@id":"https:\/\/www.operio.at\/#organization","name":"Operio Mobile - Der mobile Laminar Air Flow","url":"https:\/\/www.operio.at\/","logo":{"@type":"ImageObject","inLanguage":"de","@id":"https:\/\/www.operio.at\/#\/schema\/logo\/image\/","url":"https:\/\/www.operio.at\/wp-content\/uploads\/2022\/09\/cropped-IHLOOG.jpg","contentUrl":"https:\/\/www.operio.at\/wp-content\/uploads\/2022\/09\/cropped-IHLOOG.jpg","width":240,"height":240,"caption":"Operio Mobile - Der mobile Laminar Air Flow"},"image":{"@id":"https:\/\/www.operio.at\/#\/schema\/logo\/image\/"}}]}},"jetpack_sharing_enabled":true,"_links":{"self":[{"href":"https:\/\/www.operio.at\/index.php?rest_route=\/wp\/v2\/pages\/2","targetHints":{"allow":["GET"]}}],"collection":[{"href":"https:\/\/www.operio.at\/index.php?rest_route=\/wp\/v2\/pages"}],"about":[{"href":"https:\/\/www.operio.at\/index.php?rest_route=\/wp\/v2\/types\/page"}],"author":[{"embeddable":true,"href":"https:\/\/www.operio.at\/index.php?rest_route=\/wp\/v2\/users\/2"}],"replies":[{"embeddable":true,"href":"https:\/\/www.operio.at\/index.php?rest_route=%2Fwp%2Fv2%2Fcomments&post=2"}],"version-history":[{"count":3,"href":"https:\/\/www.operio.at\/index.php?rest_route=\/wp\/v2\/pages\/2\/revisions"}],"predecessor-version":[{"id":26,"href":"https:\/\/www.operio.at\/index.php?rest_route=\/wp\/v2\/pages\/2\/revisions\/26"}],"wp:attachment":[{"href":"https:\/\/www.operio.at\/index.php?rest_route=%2Fwp%2Fv2%2Fmedia&parent=2"}],"curies":[{"name":"wp","href":"https:\/\/api.w.org\/{rel}","templated":true}]}}